{"id":308,"date":"2020-01-13T11:17:52","date_gmt":"2020-01-13T11:17:52","guid":{"rendered":"https:\/\/demosites.io\/web-agency-gb\/?page_id=5"},"modified":"2022-05-02T10:25:02","modified_gmt":"2022-05-02T10:25:02","slug":"15c42-web-agency-gb-home","status":"publish","type":"page","link":"https:\/\/stadtteilfabrik.de\/","title":{"rendered":"Startseite"},"content":{"rendered":"\n<div class=\"wp-block-cover alignfull is-light\" style=\"min-height:700px;aspect-ratio:unset;\"><span aria-hidden=\"true\" class=\"has-background-dim-0 wp-block-cover__gradient-background has-background-dim\"><\/span><img loading=\"lazy\" decoding=\"async\" width=\"2000\" height=\"1500\" class=\"wp-block-cover__image-background wp-image-357\" alt=\"\" src=\"https:\/\/stadtteilfabrik.de\/wp-content\/uploads\/2022\/02\/hocker-sally-weiss-quer.jpg\" style=\"object-position:50% 64%\" data-object-fit=\"cover\" data-object-position=\"50% 64%\" srcset=\"https:\/\/stadtteilfabrik.de\/wp-content\/uploads\/2022\/02\/hocker-sally-weiss-quer.jpg 2000w, https:\/\/stadtteilfabrik.de\/wp-content\/uploads\/2022\/02\/hocker-sally-weiss-quer-300x225.jpg 300w, https:\/\/stadtteilfabrik.de\/wp-content\/uploads\/2022\/02\/hocker-sally-weiss-quer-1024x768.jpg 1024w, https:\/\/stadtteilfabrik.de\/wp-content\/uploads\/2022\/02\/hocker-sally-weiss-quer-768x576.jpg 768w, https:\/\/stadtteilfabrik.de\/wp-content\/uploads\/2022\/02\/hocker-sally-weiss-quer-1536x1152.jpg 1536w\" sizes=\"auto, (max-width: 2000px) 100vw, 2000px\" \/><div class=\"wp-block-cover__inner-container is-layout-flow wp-block-cover-is-layout-flow\">\n<div style=\"height:80px\" aria-hidden=\"true\" class=\"wp-block-spacer\"><\/div>\n\n\n\n<h1 class=\"has-text-align-left has-text-color wp-block-heading\" id=\"transformation-durch-design\" style=\"color:#121212\">Transformation<br>durch Design<\/h1>\n\n\n\n<div style=\"height:80px\" aria-hidden=\"true\" class=\"wp-block-spacer\"><\/div>\n\n\n\n<div style=\"height:80px\" aria-hidden=\"true\" class=\"wp-block-spacer\"><\/div>\n<\/div><\/div>\n\n\n\n<div class=\"wp-block-group\"><div class=\"wp-block-group__inner-container is-layout-flow wp-block-group-is-layout-flow\">\n<div style=\"height:50px\" aria-hidden=\"true\" class=\"wp-block-spacer\"><\/div>\n\n\n\n<h3 class=\"has-text-align-center has-neve-text-color-color has-text-color has-large-font-size wp-block-heading\" id=\"die-transformation-hin-zu-einer-nachhaltigen-gesellschaft-erfordert-den-richtigen-mix-aus-kreativitat-technologie-und-partizipation\">Willkommen in der Stadtteilfabrik!<\/h3>\n\n\n\n<h3 class=\"has-text-align-center has-neve-text-color-color has-text-color wp-block-heading\" id=\"die-transformation-hin-zu-einer-nachhaltigen-gesellschaft-erfordert-den-richtigen-mix-aus-kreativitat-technologie-und-partizipation\" style=\"font-style:normal;font-weight:300\">Vom Sperrm\u00fcll vor der Haust\u00fcr in 2015 bis zum Ladenlokal in der Essener Innenstadt in 2021. <br>Auf dieser Website erf\u00e4hrst du alles \u00fcber die Stadtteilfabrik und unsere partizipativen Projekte zur Gestaltung einer nachhaltigen Gesellschaft.<br><\/h3>\n\n\n\n<div style=\"height:40px\" aria-hidden=\"true\" class=\"wp-block-spacer\"><\/div>\n<\/div><\/div>\n\n\n\n<div class=\"wp-block-cover alignfull\" style=\"min-height:600px;aspect-ratio:unset;\"><span aria-hidden=\"true\" class=\"has-nv-light-bg-background-color has-background-dim-100 wp-block-cover__gradient-background has-background-dim\"><\/span><div class=\"wp-block-cover__inner-container is-layout-flow wp-block-cover-is-layout-flow\">\n<div class=\"wp-block-group\"><div class=\"wp-block-group__inner-container is-layout-flow wp-block-group-is-layout-flow\">\n<div style=\"height:20px\" aria-hidden=\"true\" class=\"wp-block-spacer\"><\/div>\n\n\n\n<div class=\"wp-block-columns are-vertically-aligned-center is-layout-flex wp-container-core-columns-is-layout-9d6595d7 wp-block-columns-is-layout-flex\">\n<div class=\"wp-block-column is-vertically-aligned-center is-layout-flow wp-block-column-is-layout-flow\" style=\"flex-basis:50%\">\n<figure class=\"wp-block-image size-large\"><img loading=\"lazy\" decoding=\"async\" width=\"1024\" height=\"1024\" src=\"https:\/\/stadtteilfabrik.de\/wp-content\/uploads\/2022\/02\/stf-zollverein-makerspace-5-1024x1024.png\" alt=\"\" class=\"wp-image-480\" srcset=\"https:\/\/stadtteilfabrik.de\/wp-content\/uploads\/2022\/02\/stf-zollverein-makerspace-5.png 1024w, https:\/\/stadtteilfabrik.de\/wp-content\/uploads\/2022\/02\/stf-zollverein-makerspace-5-300x300.png 300w, https:\/\/stadtteilfabrik.de\/wp-content\/uploads\/2022\/02\/stf-zollverein-makerspace-5-150x150.png 150w, https:\/\/stadtteilfabrik.de\/wp-content\/uploads\/2022\/02\/stf-zollverein-makerspace-5-768x768.png 768w\" sizes=\"auto, (max-width: 1024px) 100vw, 1024px\" \/><\/figure>\n<\/div>\n\n\n\n<div class=\"wp-block-column is-vertically-aligned-center is-layout-flow wp-block-column-is-layout-flow\" style=\"flex-basis:50%\">\n<div style=\"height:20px\" aria-hidden=\"true\" class=\"wp-block-spacer\"><\/div>\n\n\n\n<h2 class=\"has-text-align-left has-neve-text-color-color has-text-color wp-block-heading\" id=\"projekte\">Projekte<\/h2>\n\n\n\n<p class=\"has-text-align-left has-neve-text-color-color has-text-color\" style=\"font-size:17px\">Von A wie Atelier bis Z wie Zollverein &#8211; Entdecke unsere Projekte<\/p>\n\n\n\n<div class=\"wp-block-buttons is-horizontal is-content-justification-left is-layout-flex wp-container-core-buttons-is-layout-7e5fce0a wp-block-buttons-is-layout-flex\">\n<div class=\"wp-block-button is-style-primary\"><a class=\"wp-block-button__link has-nv-site-bg-color has-nv-text-dark-bg-background-color has-text-color has-background\" href=\"https:\/\/stadtteilfabrik.de\/?page_id=61\">Mehr erfahren<\/a><\/div>\n<\/div>\n<\/div>\n<\/div>\n\n\n\n<div style=\"height:20px\" aria-hidden=\"true\" class=\"wp-block-spacer\"><\/div>\n<\/div><\/div>\n<\/div><\/div>\n\n\n\n<div class=\"wp-block-group\"><div class=\"wp-block-group__inner-container is-layout-flow wp-block-group-is-layout-flow\">\n<div style=\"height:70px\" aria-hidden=\"true\" class=\"wp-block-spacer\"><\/div>\n\n\n\n<h3 class=\"has-text-align-center has-neve-text-color-color has-text-color wp-block-heading\" id=\"die-transformation-hin-zu-einer-nachhaltigen-gesellschaft-erfordert-den-richtigen-mix-aus-kreativitat-technologie-und-partizipation\" style=\"font-style:normal;font-weight:300\">F\u00fcr Firmen, Kultureinrichtungen und die Wissenschaft haben wir <br>Workshops, Vortr\u00e4ge, Veranstaltungen und Konzepte zu den Themen <br>nachhaltige Transformation und partizipative Stadtgestaltung erarbeitet.<\/h3>\n\n\n\n<div style=\"height:50px\" aria-hidden=\"true\" class=\"wp-block-spacer\"><\/div>\n<\/div><\/div>\n\n\n\n<div class=\"wp-block-cover alignfull\" style=\"min-height:600px;aspect-ratio:unset;\"><span aria-hidden=\"true\" class=\"has-nv-light-bg-background-color has-background-dim-100 wp-block-cover__gradient-background has-background-dim\"><\/span><div class=\"wp-block-cover__inner-container is-layout-flow wp-block-cover-is-layout-flow\">\n<div class=\"wp-block-group\"><div class=\"wp-block-group__inner-container is-layout-flow wp-block-group-is-layout-flow\">\n<div style=\"height:20px\" aria-hidden=\"true\" class=\"wp-block-spacer\"><\/div>\n\n\n\n<div class=\"wp-block-columns are-vertically-aligned-center is-layout-flex wp-container-core-columns-is-layout-9d6595d7 wp-block-columns-is-layout-flex\">\n<div class=\"wp-block-column is-vertically-aligned-center is-layout-flow wp-block-column-is-layout-flow\" style=\"flex-basis:50%\">\n<h2 class=\"has-text-align-left has-neve-text-color-color has-text-color wp-block-heading\" id=\"unsere-geschichte\">Unsere Geschichte<\/h2>\n\n\n\n<p class=\"has-text-align-left has-neve-text-color-color has-text-color\" style=\"font-size:17px\">Wie aus einer kleinen Semesterarbeit ein vielfach gef\u00f6rdertes, landesweites agierendes Transformationsprojekt wurde. <\/p>\n\n\n\n<div class=\"wp-block-buttons is-horizontal is-content-justification-left is-layout-flex wp-container-core-buttons-is-layout-7e5fce0a wp-block-buttons-is-layout-flex\">\n<div class=\"wp-block-button is-style-primary\"><a class=\"wp-block-button__link has-nv-site-bg-color has-nv-text-dark-bg-background-color has-text-color has-background\" href=\"https:\/\/stadtteilfabrik.de\/?page_id=75\">Mehr erfahren<\/a><\/div>\n<\/div>\n\n\n\n<div style=\"height:20px\" aria-hidden=\"true\" class=\"wp-block-spacer\"><\/div>\n<\/div>\n\n\n\n<div class=\"wp-block-column is-vertically-aligned-center is-layout-flow wp-block-column-is-layout-flow\" style=\"flex-basis:50%\">\n<figure class=\"wp-block-image size-large\"><img loading=\"lazy\" decoding=\"async\" width=\"1024\" height=\"1024\" src=\"https:\/\/stadtteilfabrik.de\/wp-content\/uploads\/2022\/02\/corona-1-2-wf-web-1024x1024.jpg\" alt=\"\" class=\"wp-image-479\" srcset=\"https:\/\/stadtteilfabrik.de\/wp-content\/uploads\/2022\/02\/corona-1-2-wf-web-1024x1024.jpg 1024w, https:\/\/stadtteilfabrik.de\/wp-content\/uploads\/2022\/02\/corona-1-2-wf-web-300x300.jpg 300w, https:\/\/stadtteilfabrik.de\/wp-content\/uploads\/2022\/02\/corona-1-2-wf-web-150x150.jpg 150w, https:\/\/stadtteilfabrik.de\/wp-content\/uploads\/2022\/02\/corona-1-2-wf-web-768x768.jpg 768w, https:\/\/stadtteilfabrik.de\/wp-content\/uploads\/2022\/02\/corona-1-2-wf-web-1536x1536.jpg 1536w, https:\/\/stadtteilfabrik.de\/wp-content\/uploads\/2022\/02\/corona-1-2-wf-web-2048x2048.jpg 2048w\" sizes=\"auto, (max-width: 1024px) 100vw, 1024px\" \/><\/figure>\n<\/div>\n<\/div>\n\n\n\n<div style=\"height:20px\" aria-hidden=\"true\" class=\"wp-block-spacer\"><\/div>\n<\/div><\/div>\n<\/div><\/div>\n\n\n\n<div class=\"wp-block-group\"><div class=\"wp-block-group__inner-container is-layout-flow wp-block-group-is-layout-flow\">\n<div style=\"height:20px\" aria-hidden=\"true\" class=\"wp-block-spacer\"><\/div>\n\n\n\n<h3 class=\"has-text-align-center has-neve-text-color-color has-text-color wp-block-heading\" id=\"die-transformation-hin-zu-einer-nachhaltigen-gesellschaft-erfordert-den-richtigen-mix-aus-kreativitat-technologie-und-partizipation\">Unsere Projektpartner<\/h3>\n\n\n\n<div style=\"height:20px\" aria-hidden=\"true\" class=\"wp-block-spacer\"><\/div>\n\n\n\n<div class=\"wp-block-columns is-layout-flex wp-container-core-columns-is-layout-9d6595d7 wp-block-columns-is-layout-flex\">\n<div class=\"wp-block-column is-layout-flow wp-block-column-is-layout-flow\">\n<figure class=\"wp-block-image size-full\"><img loading=\"lazy\" decoding=\"async\" width=\"1000\" height=\"400\" src=\"https:\/\/stadtteilfabrik.de\/wp-content\/uploads\/2022\/02\/stadtteilfabrik-logo-folkwang.png\" alt=\"\" class=\"wp-image-485\" srcset=\"https:\/\/stadtteilfabrik.de\/wp-content\/uploads\/2022\/02\/stadtteilfabrik-logo-folkwang.png 1000w, https:\/\/stadtteilfabrik.de\/wp-content\/uploads\/2022\/02\/stadtteilfabrik-logo-folkwang-300x120.png 300w, https:\/\/stadtteilfabrik.de\/wp-content\/uploads\/2022\/02\/stadtteilfabrik-logo-folkwang-768x307.png 768w\" sizes=\"auto, (max-width: 1000px) 100vw, 1000px\" \/><\/figure>\n<\/div>\n\n\n\n<div class=\"wp-block-column is-layout-flow wp-block-column-is-layout-flow\">\n<figure class=\"wp-block-image size-full\"><img loading=\"lazy\" decoding=\"async\" width=\"1000\" height=\"400\" src=\"https:\/\/stadtteilfabrik.de\/wp-content\/uploads\/2022\/02\/stadtteilfabrik-logo-fraunhofer.png\" alt=\"\" class=\"wp-image-483\" srcset=\"https:\/\/stadtteilfabrik.de\/wp-content\/uploads\/2022\/02\/stadtteilfabrik-logo-fraunhofer.png 1000w, https:\/\/stadtteilfabrik.de\/wp-content\/uploads\/2022\/02\/stadtteilfabrik-logo-fraunhofer-300x120.png 300w, https:\/\/stadtteilfabrik.de\/wp-content\/uploads\/2022\/02\/stadtteilfabrik-logo-fraunhofer-768x307.png 768w\" sizes=\"auto, (max-width: 1000px) 100vw, 1000px\" \/><\/figure>\n<\/div>\n\n\n\n<div class=\"wp-block-column is-layout-flow wp-block-column-is-layout-flow\">\n<figure class=\"wp-block-image size-full\"><img loading=\"lazy\" decoding=\"async\" width=\"1000\" height=\"400\" src=\"https:\/\/stadtteilfabrik.de\/wp-content\/uploads\/2022\/02\/stadtteilfabrik-logo-nrw.png\" alt=\"\" class=\"wp-image-484\" srcset=\"https:\/\/stadtteilfabrik.de\/wp-content\/uploads\/2022\/02\/stadtteilfabrik-logo-nrw.png 1000w, https:\/\/stadtteilfabrik.de\/wp-content\/uploads\/2022\/02\/stadtteilfabrik-logo-nrw-300x120.png 300w, https:\/\/stadtteilfabrik.de\/wp-content\/uploads\/2022\/02\/stadtteilfabrik-logo-nrw-768x307.png 768w\" sizes=\"auto, (max-width: 1000px) 100vw, 1000px\" \/><\/figure>\n<\/div>\n\n\n\n<div class=\"wp-block-column is-layout-flow wp-block-column-is-layout-flow\">\n<figure class=\"wp-block-image size-full\"><img loading=\"lazy\" decoding=\"async\" width=\"1000\" height=\"400\" src=\"https:\/\/stadtteilfabrik.de\/wp-content\/uploads\/2022\/02\/stadtteilfabrik-logo-ecce.png\" alt=\"\" class=\"wp-image-486\" srcset=\"https:\/\/stadtteilfabrik.de\/wp-content\/uploads\/2022\/02\/stadtteilfabrik-logo-ecce.png 1000w, https:\/\/stadtteilfabrik.de\/wp-content\/uploads\/2022\/02\/stadtteilfabrik-logo-ecce-300x120.png 300w, https:\/\/stadtteilfabrik.de\/wp-content\/uploads\/2022\/02\/stadtteilfabrik-logo-ecce-768x307.png 768w\" sizes=\"auto, (max-width: 1000px) 100vw, 1000px\" \/><\/figure>\n<\/div>\n<\/div>\n\n\n\n<div class=\"wp-block-columns is-layout-flex wp-container-core-columns-is-layout-9d6595d7 wp-block-columns-is-layout-flex\">\n<div class=\"wp-block-column is-layout-flow wp-block-column-is-layout-flow\">\n<figure class=\"wp-block-image size-full\"><img loading=\"lazy\" decoding=\"async\" width=\"1000\" height=\"400\" src=\"https:\/\/stadtteilfabrik.de\/wp-content\/uploads\/2022\/02\/stadtteilfabrik-logo-iat-gelsenkirchen.png\" alt=\"\" class=\"wp-image-491\" srcset=\"https:\/\/stadtteilfabrik.de\/wp-content\/uploads\/2022\/02\/stadtteilfabrik-logo-iat-gelsenkirchen.png 1000w, https:\/\/stadtteilfabrik.de\/wp-content\/uploads\/2022\/02\/stadtteilfabrik-logo-iat-gelsenkirchen-300x120.png 300w, https:\/\/stadtteilfabrik.de\/wp-content\/uploads\/2022\/02\/stadtteilfabrik-logo-iat-gelsenkirchen-768x307.png 768w\" sizes=\"auto, (max-width: 1000px) 100vw, 1000px\" \/><\/figure>\n<\/div>\n\n\n\n<div class=\"wp-block-column is-layout-flow wp-block-column-is-layout-flow\">\n<figure class=\"wp-block-image size-full\"><img loading=\"lazy\" decoding=\"async\" width=\"1000\" height=\"400\" src=\"https:\/\/stadtteilfabrik.de\/wp-content\/uploads\/2022\/02\/stadtteilfabrik-logo-stadt-essen-1.png\" alt=\"\" class=\"wp-image-489\" srcset=\"https:\/\/stadtteilfabrik.de\/wp-content\/uploads\/2022\/02\/stadtteilfabrik-logo-stadt-essen-1.png 1000w, https:\/\/stadtteilfabrik.de\/wp-content\/uploads\/2022\/02\/stadtteilfabrik-logo-stadt-essen-1-300x120.png 300w, https:\/\/stadtteilfabrik.de\/wp-content\/uploads\/2022\/02\/stadtteilfabrik-logo-stadt-essen-1-768x307.png 768w\" sizes=\"auto, (max-width: 1000px) 100vw, 1000px\" \/><\/figure>\n<\/div>\n\n\n\n<div class=\"wp-block-column is-layout-flow wp-block-column-is-layout-flow\">\n<figure class=\"wp-block-image size-full\"><img loading=\"lazy\" decoding=\"async\" width=\"1000\" height=\"400\" src=\"https:\/\/stadtteilfabrik.de\/wp-content\/uploads\/2022\/02\/stadtteilfabrik-logo-vonovia.png\" alt=\"\" class=\"wp-image-490\" srcset=\"https:\/\/stadtteilfabrik.de\/wp-content\/uploads\/2022\/02\/stadtteilfabrik-logo-vonovia.png 1000w, https:\/\/stadtteilfabrik.de\/wp-content\/uploads\/2022\/02\/stadtteilfabrik-logo-vonovia-300x120.png 300w, https:\/\/stadtteilfabrik.de\/wp-content\/uploads\/2022\/02\/stadtteilfabrik-logo-vonovia-768x307.png 768w\" sizes=\"auto, (max-width: 1000px) 100vw, 1000px\" \/><\/figure>\n<\/div>\n\n\n\n<div class=\"wp-block-column is-layout-flow wp-block-column-is-layout-flow\">\n<figure class=\"wp-block-image size-full\"><img loading=\"lazy\" decoding=\"async\" width=\"1000\" height=\"400\" src=\"https:\/\/stadtteilfabrik.de\/wp-content\/uploads\/2022\/02\/stadtteilfabrik-logo-zollverein.png\" alt=\"\" class=\"wp-image-487\" srcset=\"https:\/\/stadtteilfabrik.de\/wp-content\/uploads\/2022\/02\/stadtteilfabrik-logo-zollverein.png 1000w, https:\/\/stadtteilfabrik.de\/wp-content\/uploads\/2022\/02\/stadtteilfabrik-logo-zollverein-300x120.png 300w, https:\/\/stadtteilfabrik.de\/wp-content\/uploads\/2022\/02\/stadtteilfabrik-logo-zollverein-768x307.png 768w\" sizes=\"auto, (max-width: 1000px) 100vw, 1000px\" \/><\/figure>\n<\/div>\n<\/div>\n\n\n\n<div style=\"height:20px\" aria-hidden=\"true\" class=\"wp-block-spacer\"><\/div>\n<\/div><\/div>\n\n\n\n<div class=\"wp-block-cover alignfull\" style=\"min-height:300px;aspect-ratio:unset;\"><span aria-hidden=\"true\" class=\"has-nv-light-bg-background-color has-background-dim-100 wp-block-cover__gradient-background has-background-dim\"><\/span><div class=\"wp-block-cover__inner-container is-layout-flow wp-block-cover-is-layout-flow\">\n<div style=\"height:20px\" aria-hidden=\"true\" class=\"wp-block-spacer\"><\/div>\n\n\n\n<p class=\"has-text-align-center has-neve-text-color-color has-text-color\">Kontaktiere uns!<\/p>\n\n\n\n<div class=\"wp-block-buttons is-horizontal is-content-justification-center is-layout-flex wp-container-core-buttons-is-layout-499968f5 wp-block-buttons-is-layout-flex\">\n<div class=\"wp-block-button has-custom-width wp-block-button__width-50 is-style-primary\"><a class=\"wp-block-button__link has-nv-site-bg-color has-nv-text-dark-bg-background-color has-text-color has-background\" href=\"mailto:mail@stadtteilfabrik.de\" target=\"_blank\" rel=\"noreferrer noopener\">E-Mail<\/a><\/div>\n\n\n\n<div class=\"wp-block-button has-custom-width wp-block-button__width-50 is-style-primary\"><a class=\"wp-block-button__link has-nv-site-bg-color has-nv-text-dark-bg-background-color has-text-color has-background\" href=\"https:\/\/www.instagram.com\/stadtteilfabrik_essen\/?hl=de\" target=\"_blank\" rel=\"noreferrer noopener\">Instagram<\/a><\/div>\n<\/div>\n\n\n\n<div style=\"height:21px\" aria-hidden=\"true\" class=\"wp-block-spacer\"><\/div>\n<\/div><\/div>\n","protected":false},"excerpt":{"rendered":"<p>Willkommen in der Stadtteilfabrik! Vom Sperrm\u00fcll vor der Haust\u00fcr in 2015 bis zum Ladenlokal in der Essener Innenstadt in 2021. Auf dieser Website erf\u00e4hrst du alles \u00fcber die Stadtteilfabrik und unsere partizipativen Projekte zur Gestaltung einer nachhaltigen Gesellschaft. F\u00fcr Firmen, Kultureinrichtungen und die Wissenschaft haben wir Workshops, Vortr\u00e4ge, Veranstaltungen und Konzepte zu den Themen nachhaltige&hellip;&nbsp;<a href=\"https:\/\/stadtteilfabrik.de\/\" rel=\"bookmark\">Weiterlesen &raquo;<span class=\"screen-reader-text\">Startseite<\/span><\/a><\/p>\n","protected":false},"author":1,"featured_media":0,"parent":0,"menu_order":0,"comment_status":"closed","ping_status":"closed","template":"","meta":{"neve_meta_sidebar":"default","neve_meta_container":"default","neve_meta_enable_content_width":"on","neve_meta_content_width":100,"neve_meta_title_alignment":"","neve_meta_author_avatar":"","neve_post_elements_order":"","neve_meta_disable_header":"","neve_meta_disable_footer":"","neve_meta_disable_title":"on","footnotes":""},"class_list":["post-308","page","type-page","status-publish","hentry"],"_links":{"self":[{"href":"https:\/\/stadtteilfabrik.de\/index.php?rest_route=\/wp\/v2\/pages\/308","targetHints":{"allow":["GET"]}}],"collection":[{"href":"https:\/\/stadtteilfabrik.de\/index.php?rest_route=\/wp\/v2\/pages"}],"about":[{"href":"https:\/\/stadtteilfabrik.de\/index.php?rest_route=\/wp\/v2\/types\/page"}],"author":[{"embeddable":true,"href":"https:\/\/stadtteilfabrik.de\/index.php?rest_route=\/wp\/v2\/users\/1"}],"replies":[{"embeddable":true,"href":"https:\/\/stadtteilfabrik.de\/index.php?rest_route=%2Fwp%2Fv2%2Fcomments&post=308"}],"version-history":[{"count":49,"href":"https:\/\/stadtteilfabrik.de\/index.php?rest_route=\/wp\/v2\/pages\/308\/revisions"}],"predecessor-version":[{"id":1006,"href":"https:\/\/stadtteilfabrik.de\/index.php?rest_route=\/wp\/v2\/pages\/308\/revisions\/1006"}],"wp:attachment":[{"href":"https:\/\/stadtteilfabrik.de\/index.php?rest_route=%2Fwp%2Fv2%2Fmedia&parent=308"}],"curies":[{"name":"wp","href":"https:\/\/api.w.org\/{rel}","templated":true}]}}